252*k. Let j(v) = -7*v**3 + 1 + 4*v - 46*v**2 + 39*v**2 + k*v**3. Calculate j(5).
-29
Suppose -2*h - 24 = 4*k, -5*h - 32 = 5*k + 8. Let n(v) = v**2 - 6*v + 15. Let j be n(4). Let x = k + j. Let l(p) = -2*p + 3. Calculate l(x).
-3
Suppose 44*y - 601 - 257 = 5*y. Let l(x) = -x**2 + 22*x. Calculate l(y).
0
Let m(l) = 4*l + 155. Let c be m(-41). Let d(f) = 2*f**2 + 6*f - 111. Calculate d(c).
-3
Let n(l) = -11*l**3 - 23*l**2 + 17*l + 32. Let i(w) = 4*w**3 + 8*w**2 - 6*w - 10. Let j(d) = -8*i(d) - 3*n(d). Determine j(-5).
-1
Let q(p) = 2*p**2 + 8*p - 16. Let c(l) = 2*l**2 - 142*l - 2778. Let u be c(-16). Calculate q(u).
104
Let f(h) = 2*h**2 + 6*h + 8. Let r be 4/(-2)*(-3)/(15/(-5)). What is f(r)?
4
Let o(k) = k**2 - k - 3. Let p = 384 - 352. Suppose -4*g + p = 12*g. Determine o(g).
-1
Let n = 42235 + -42237. Let t(z) = 72*z - 19. Determine t(n).
-163
Let q(t) = 16*t + 12. Let d be (-4)/8 - ((-71)/(-10) - (-42)/(-70)). Give q(d).
-100
Let v(u) = 284*u - 7097. Let p be v(25). Let y(g) be the second derivative of g**4/6 - 5*g**3/6 + g**2/2 - g. What is y(p)?
4
Let h(t) = -t - 1. Let o be (27/(-126))/(-3)*20*7. Suppose -7 = -u + 9. Suppose 2*g + u = -2*l, -g = -4*l - o - 7. Calculate h(g).
2
Suppose 4 = 3*f - 2*w - 7, -3*w = -4*f + 16. Let c be f/2 - (-2)/4. Let h(l) = 36*l - 20. Let a(i) = 12*i - 7. Let b(j) = -17*a(j) + 6*h(j). Calculate b(c).
11
Let u(q) = 9*q + 117. Let c = -18725 + 18708. Calculate u(c).
-36
Let r(w) be the first derivative of w**3/3 - 3*w**2 - 20*w + 1330. Calculate r(-3).
7
Let g(y) = -3*y**2 - 96*y + 3. Let h = -3637 + 3605. Calculate g(h).
3
Let i(w) = -3 - 38*w**2 - 4 + w**3 + 52*w**2 - 5 + 12*w. What is i(-13)?
1
Let x(d) = 96*d - 4319. Let k be x(45). Let y(w) = 4*w - 4. What is y(k)?
0
Let t(m) be the second derivative of -1/12*m**4 - 5/2*m**3 - 80*m - 12*m**2 + 0. Calculate t(-13).
2
Let t(x) = -x + 5. Suppose -3*i + 2*l + 6 + 17 = 0, -i + 5*l = -25. Suppose 151*v = 298*v - 588. Let p be 1*((-1 - v) + i). What is t(p)?
5
Suppose -21 = 3*m + 3*a, -387*m = -382*m - 4*a + 44. Let d(x) = x**2 - x - 62. Calculate d(m).
10
Let y be 54/2 + 4 + -3. Let w = -18 + y. Suppose 0 = -w*r + 3*r + 28. Let p(d) = -d**2 + 5*d + 3. Calculate p(r).
7
Let h(m) = -6*m + 248 - 79 - 68. What is h(16)?
5
Suppose 0 = 281*n - 288*n - 1204. Let y = 167 + n. Let x(u) = -u**3 - 4*u**2 + 2*u - 4. Give x(y).
11
Let f(z) = -z. Let b be f(-3). Let a(k) = k**2 + 1. Let w(q) = -q**3 + q**2 + 3*q - 8. Let s(u) = b*a(u) + w(u). What is s(5)?
-15
Let f(k) be the first derivative of -3/2*k**2 - 22 + 4*k. What is f(8)?
-20
Let h(j) = -95*j - 2. Let r be h(-1). Let g = 87 - r. Let y(t) be the third derivative of -t**5/60 - 5*t**4/24 - t**3/3 + 9*t**2. What is y(g)?
-8
Let h(j) = -j**3 - 9*j**2 - 8*j - 9. Let m(f) = -f**2 + 5*f + 58. Let o be m(11). Calculate h(o).
-9
Let p(d) = -d + 0*d - 2 - 2 - 4. Suppose 5*h + 12 - 18 = 3*x, 5*x = -h - 10. Calculate p(h).
-8
Let n(j) = -6 + 53*j + 48*j - 114*j. Let a = 4172 + -4175. Determine n(a).
33
Let g be ((-5)/(-20))/((-4)/(-272)). Let d = -11 + g. Let m(t) = 0 + d*t - t**2 + 5 + 1 + 1. What is m(6)?
7
Suppose 2*x + 11 = -q, -2*x + 3*x - 2*q = -8. Let i(v) = -4*v - 21. Let t be i(x). Let h be (-4 + 4)*t/9. Let d(g) = g - 4. Give d(h).
-4
Let j(c) = -4*c**2 + 22*c**2 + 15*c - 3*c**2 - 10*c**2 + 12 - 2. Determine j(-2).
0
Let c(p) = p**3 + 22*p**2 + 14*p - 138. Let q be c(-21). Let v(o) = -o**3 + 7*o**2 + 20*o - 12. Determine v(q).
6
Let f(x) = -2*x + 7. Let p = 4242 + -4237. Suppose -4*m + q - 2*q + 69 = 0, -q = -2*m + 27. Suppose -p*i = -l + m, i + 8 = l - 0*i. Give f(l).
-5
Let q(m) = 4*m**2 + 4*m - 2. Let w be q(-2). Let t be -2 + (-11 + w + 20 - 6). Let z(v) = -v**2 + 10*v - 21. Give z(t).
0
Let l(s) = 7*s**2 + 14*s + 15. Let w(v) = -8*v**2 - 15*v - 16. Let j(o) = 7*l(o) + 6*w(o). Suppose -246 = -16064*y + 16105*y. Give j(y).
-3
Let i(p) = 7*p + 7*p**3 + 5 - 5*p**3 - p**3 + 6*p**2. Let y = 62 - 37. Let h be (-19)/4 + (1 - y/20). Give i(h).
-5
Let x(j) be the first derivative of 4*j**2 + 42*j + 2845. What is x(-5)?
2
Let h(n) = -n - 32. Let p(z) = 6*z**2 - 71*z - 110. Let i be p(13). Give h(i).
-13
Suppose 0 = 51*n - 52*n. Let h(g) = -6 + n - 4*g + 5*g + 4. Give h(-1).
-3
Let n = -2233 - -2224. Let m(k) = -k**2 - 9*k + 11. What is m(n)?
11
Let c(l) be the second derivative of l**4/12 - 3*l**3/2 - 23*l**2 - 780*l - 2. Calculate c(13).
6
Let n(r) = 2*r**2 + 2*r + 1. Let l be 1 + (-1 + 4)*-1. Let s = l + -1. Determine n(s).
13
Suppose 2*q + 26 = 4*n, -4*n + 39 + 5 = -4*q. Let z(a) = 48*a + 36. Let o(w) = 37*w + 27. Let u(l) = 9*o(l) - 7*z(l). Calculate u(q).
18
Let l(j) = 6*j**2 - j**3 + 99 + 8*j + 0*j**3 - 109. Let o(f) = 7*f + 7. Let g be o(3). Suppose -4*q - 2*x = -g, -3*q + 22 = -4*x + 1. Determine l(q).
-3
Suppose -3 = 6*v - 3. Let c(x) = v + 10 - 4 - 8. Let k(w) = w - 5. Let a(t) = -8*c(t) + 3*k(t). Determine a(-2).
-5
Let s be (8/44)/((-12)/(2772/(-7))). Let j(b) = b**2 - 8*b + 5. Give j(s).
-7
Let q(h) = -8*h. Let t be 380/6*-2*9/(-12). Let b = -96 + t. Calculate q(b).
8
Suppose -113*q = -109*q - 52. Suppose -8 = 7*g + q. Let j(p) = 13*p - 3. Let c(w) = -27*w + 6. Let f(k) = -6*c(k) - 13*j(k). Determine f(g).
24
Let w(p) = 428*p + 2995. Let h be w(-7). Let m(j) = 48*j + 47. Determine m(h).
-1
Let x(s) = -7*s + 69*s**2 - 61*s**2 - 53 - 193*s**3 + 194*s**3. Calculate x(-8).
3
Let p be (-2)/(-3)*(-738)/12. Let c = p + 20. Let g = c - -27. Let m(q) = -q**3 + 6*q**2 + q. Calculate m(g).
6
Let g(j) = -j**3 - 7*j**2 + j + 4. Suppose 13 = -8*u - 99. Let h(q) = q**3 + 12*q**2 - 30*q - 35. Let p be h(u). Calculate g(p).
-3
Suppose -i - 9*x + 10*x = -3, -6*x = 4*i - 42. Let w(q) = -6*q + 35. Calculate w(i).
-1
Let s(z) = 7*z + 14. Let h(j) = -14*j**2 - 175*j - 90. Let m be h(-12). Give s(m).
-28
Let b(k) be the third derivative of k**5/60 + 7*k**4/24 + 2*k**3/3 - 48*k**2 + 39. Give b(-5).
-6
Let j(q) = 7*q**2 + 192*q - 28. Let o be j(-26). Let b = 285 + o. Let a(p) = 2*p + 10. Give a(b).
4
Let m(t) = 448*t - 3534. Let a be m(8). Let l(s) = 13*s - 650. What is l(a)?
0
Let z(g) = -g**3 - 4*g**2 + 2*g + 1. Let a = 44 - 39. Let l(v) = -90*v + 445. Let x be l(a). What is z(x)?
16
Let c = -10926 - -10940. Let s(b) = -b**2 + 19*b - 68. Determine s(c).
2
Let x(r) = -7*r**2 - r. Suppose 5*l + 28 - 83 = 0. Suppose 2 = l*f - 9*f. Let i(z) = z**2 - z - 1. Let s be i(f). Calculate x(s).
-6
Let i(a) = a**3 - 5*a**2 - 5*a + 29. Let m be i(5). Let b(u) = -2 + 4*u**2 + m*u - u + u**3 + 6 - 1. Give b(-5).
-37
Let d(l) = -l**3 - l**2 + 4*l - 4. Let v be 33/(-8)*2*376/(-141). Suppose 3*a = -4*r + 7*a + 32, 0 = r + 5*a + v. Determine d(r).
-28
Let f(q) be the first derivative of 9*q**4/4 + q + 108. Let r(v) = 2*v**2 + 8*v - 1. Let x be r(-4). What is f(x)?
-8
Let l be ((-1)/7)/(31/217) + 0. Let i(o) = 4*o**3 - o**2 + 5*o - 5. Let y(t) = -5*t**3 + t**2 - 4*t + 4. Let f(p) = -4*i(p) - 5*y(p). Determine f(l).
-10
Let y(c) = -190*c - 37. Let k(h) = 523*h + 110. Let p(n) = 4*k(n) + 11*y(n). Give p(-11).
11
Let i(w) = 3*w**2 + 126*w**3 + w - 125*w**3 + 8*w - 14*w. Determine i(-4).
4
Let r(u) = u**2 - 7*u - 1. Let s be r(7). Let i = s - 3. Let p(j) be the third derivative of -j**4/24 + j**3/6 - 114630*j**2. Determine p(i).
5
Let t be (-1584)/27*6/(-4). Let s = 82 - t. Let c be (7/((-21)/s))/(-2). Let d(n) = 7*n**2 - 1. What is d(c)?
6
Let m(r) be the first derivative of r**3/3 - r**2 - 78*r + 215. Calculate m(-8).
2
Let h(v) = -3*v. Suppose 4*a - l - 70 = 0, -8 = -4*l - 0*l. Let u be (6/a)/(4/24) + -3. Determine h(u).
3
Let n(p) be the second derivative of p**5/24 + p**4/24 - 17*p**3/6 + 26*p. Let r(u) be the second derivative of n(u). Let d = 2 + -1. Determine r(d).
6
Let w = 64 + -61. Suppose -m = 4*m + w*h + 3, -2*h = -m - 11. Let a(p) = 6*p - 1. Give a(m).
-19
Suppose -t = -6*t + 5. Let m be -3 - 4*(t + -3). Let o(g) = g**2 - g**2 + g**3 + 1 - 829*g - 4*g**2 + 825*g. What is o(m)?
6
Let l(h) = 0 - 8*h - 1 - 4. Suppose 0 = -3*y - 3*q - 27, 0 = -8*y + 6*q - 9*q - 37. Calculate l(y).
11
Let u = -5 - 1. Let s(c) be the third derivative of -c**4/24 - c**3/3 - 21*c**2 + 34*c - 19. What is s(u)?
4
Let l(x) be the third derivative of -x**6/360 + x**5/40 + 5*x**4/24 - 18*x**3 + 5*x**2 - 5. Let s(d) be the first derivative of l(d). Determine s(5).
-5
Le